(a)?
11
Let n = -13 + 121. What are the prime factors of n?
2, 3
Let l(r) = r**2 + 6*r + 3. Let b = -6 - 2. What are the prime factors of l(b)?
19
Suppose 0 = 2*b - 4*u - 68, -79 = 4*b - 3*u - 215. List the prime factors of b.
2, 17
Suppose 5*c = 11 + 9. Suppose c*s + 68 = 2*j + 20, 2*j + 3*s = 41. List the prime factors of j.
2, 11
Let a be -2*(-2)/(-8)*-6. Suppose 0 = f + f + a*q - 97, f + 5*q - 52 = 0. What are the prime factors of f?
47
Let x be (1/1 - 0) + -3. What are the prime factors of x - (-3 + 5 + -28)?
2, 3
Let a = -369 + 684. What are the prime factors of a?
3, 5, 7
What are the prime factors of (-132)/1*4/(-3)?
2, 11
Let g(f) = -6*f**2 - 7*f + 3*f**3 - 13 - 12*f**3 + f**2. Let c(a) = -5*a**3 - 3*a**2 - 4*a - 7. Let k(h) = 11*c(h) - 6*g(h). List the prime factors of k(-3).
7
Let p(v) = v**3 - 2*v**2 + 2*v + 3. List the prime factors of p(3).
2, 3
Let z(n) be the third derivative of n**4/12 + n**3/6 + 2*n**2. Let r be z(2). Suppose r*h - 25 = -0*h. List the prime factors of h.
5
Suppose -5*q + 4*q = 2*m - 29, -m + 32 = q. What are the prime factors of q?
5, 7
Suppose 5*h - 386 + 56 = 0. List the prime factors of h.
2, 3, 11
Let u(o) = o**2 - 5*o + 5. Let l be u(5). Suppose 6 = 3*p - 0*y - 4*y, 0 = 3*p + l*y - 6. List the prime factors of p.
2
Let f = 6 + 13. List the prime factors of f.
19
Let f = -498 - -780. What are the prime factors of f?
2, 3, 47
Suppose 0 = -4*i + 3*i + 4. Suppose 7 + 5 = -i*t. Let f = 8 - t. List the prime factors of f.
11
Suppose 6*w = 3*w - 6. Let n be ((-4)/w)/((-2)/(-5)). Suppose -s - 8 = -3*p, 0 = n*p - 0*p - 3*s - 16. What are the prime factors of p?
2
Let s = 25 + 0. List the prime factors of s.
5
Let j(z) = z**3 + 4*z**2 - 7*z + 2. Let c be j(-5). Suppose 5*m = -c + 127. List the prime factors of m.
23
Let z(t) = 6*t + t - 3*t - 4. Let k be (-6)/4*(-2 + 0). List the prime factors of z(k).
2
Suppose -6 = -4*a - 2, 0 = -4*b - 3*a + 95. What are the prime factors of b?
23
Suppose -9 = -4*y - 49. What are the prime factors of (-16)/y*5/2?
2
Suppose 0 = -4*n + 83 + 197. List the prime factors of n.
2, 5, 7
Suppose -20 = -6*b + 2*b. Suppose -t - 2 = -a, 4*t + a - 13 = -2*a. Suppose -9 = -b*f + t. What are the prime factors of f?
2
Let u = 39 - 97. Let n = u - -91. List the prime factors of n.
3, 11
Let w be (2 - 1)/((-3)/(-12)). Suppose -19 = -w*g + 3*x - 2*x, -5*g + 3*x = -29. What are the prime factors of g?
2
Let b(w) = -20*w + 1. Let q(c) = 2*c + 11. Let x be q(-6). List the prime factors of b(x).
3, 7
Let w = 8 - 8. Suppose p + 2*s - 14 = w, 3*p - 5*s = -0*s + 75. What are the prime factors of p?
2, 5
Suppose 2*k + 2 = 0, 0 = a - 3*k - k - 76. What are the prime factors of a?
2, 3
Let p(z) = 8*z + 7. Let t be p(5). Suppose -6*f + 7*f = t. Let m = f - 31. What are the prime factors of m?
2
Suppose 0 = -2*k - 106 + 316. What are the prime factors of k?
3, 5, 7
List the prime factors of (-34)/153 - 166/(-18).
3
Suppose 2*r + 8 = 4*r. Let d be r + -1 - (4 + -2). List the prime factors of -2*d/(-2)*3.
3
Let i(u) = 3*u + 14. What are the prime factors of i(8)?
2, 19
Let v = 36 + -17. Let w be v*-2*(-2)/4. Suppose 5*d = 21 + w. List the prime factors of d.
2
Let j(v) = 4*v**3 - 2*v + 1. Let q be j(1). Let p = -1 - -1. Suppose n + q*l + 13 = p, -7*l + 3*l = -3*n + 26. List the prime factors of n.
2
Suppose -6*c = -c - 10. List the prime factors of (10/3)/(c/18).
2, 3, 5
List the prime factors of (192/(-20))/(9/(-30)).
2
Suppose 0 = 5*r - 3*d - 204, -5*r + 2*d = -0*r - 201. What are the prime factors of r?
3, 13
What are the prime factors of 41*1 - 0/5?
41
Suppose -4*d - 281 + 98 = -h, 4*d = 4*h - 792. List the prime factors of h.
7, 29
Suppose 82 + 93 = 5*o. Suppose 0*u - 120 = 5*u. Let x = o + u. What are the prime factors of x?
11
What are the prime factors of (-1 - -3) + -2 + 54?
2, 3
Let b(s) = -s - 2. Suppose -21 = 3*k - 5*q, 2*q + 9 = 5*q. Let y be b(k). Suppose -48 = -y*i - 4*i. List the prime factors of i.
2, 3
List the prime factors of 0 - (89/(-2) + 2/(-4)).
3, 5
Suppose -5*j + 65 = t - 5, 0 = -2*t - 2*j + 172. What are the prime factors of t?
2, 3, 5
Let y = -259 - -370. List the prime factors of y.
3, 37
Let u(t) = 3*t - t**2 + 6 + 3*t + 0*t. List the prime factors of u(6).
2, 3
Let q be 0 - -1 - (-13)/(-1). Let i = q + 24. What are the prime factors of i?
2, 3
Let f be 2/11 - 1000/55. Let j = 13 + f. List the prime factors of 47/5 - (-2)/j.
3
Suppose w = 5*u - 108, u - 2*w + 78 = 5*u. Let f be 6/u - 194/(-7). Suppose 0 = 3*h - 14 - f. What are the prime factors of h?
2, 7
Let x be ((-27)/2)/((-3)/6). Suppose i = 5*y + x, i - 15 - 4 = -3*y. List the prime factors of i.
2, 11
List the prime factors of (-554)/(-18) - (-12)/54.
31
Let w be (-54)/(-15) - 3/5. Suppose 3*d + 1 = o + 4*d, w*o - 4*d = -11. What are the prime factors of 0 + 1 - (-6 - o)?
2, 3
Let x = -31 - -51. Suppose d = -4*d - x. Let z(l) = -3*l - 5. List the prime factors of z(d).
7
Let u(k) = k**2 - 7. List the prime factors of u(6).
29
Suppose 3*i - 12 = -0*i. Suppose -4*n - 2*w = 0, i*n + w = 5*w. Suppose 3*u + u - 56 = n. What are the prime factors of u?
2, 7
Let z = -22 + 0. Let p = -15 - z. Let q = p + -2. What are the prime factors of q?
5
Let h(u) = -20*u. Let n be h(2). Let c = n + 25. Let p = -5 - c. List the prime factors of p.
2, 5
Let b = 353 + -241. List the prime factors of b.
2, 7
Suppose 0*p + 15 = l + 2*p, 3*p = 15. List the prime factors of l.
5
Let y be (-8)/12 - (-8)/3. Suppose 6 = -3*c, -c + y*c + 12 = -k. Let m = -7 - k. What are the prime factors of m?
3
Let y(n) = -n + 9. List the prime factors of y(-17).
2, 13
Suppose -2*v + 192 = 5*o, 4*o + 100 - 248 = -3*v. Let f = -19 + o. List the prime factors of f.
3, 7
Let c(s) = 4*s**2 - s + s - s. What are the prime factors of c(2)?
2, 7
Let g = 21 + 34. List the prime factors of g.
5, 11
Let q(r) = -3*r - 4*r**2 + 2*r + 2*r + 0 + r**3 - 6. What are the prime factors of q(5)?
2, 3
Let z be 6/2*85/15. What are the prime factors of -4 + 3 + z + -3?
13
Let s(m) = -m**3 + 12*m**2 + 2*m + 5. What are the prime factors of s(12)?
29
Suppose -5*q + q = -4*u - 156, 4*q + 5*u = 156. What are the prime factors of q?
3, 13
Suppose 4*l = 12 + 20. Let f(c) be the third derivative of c**6/120 - 2*c**5/15 + c**4/12 - c**3/3 + c**2. List the prime factors of f(l).
2, 7
Let d = 8 - 11. What are the prime factors of 1*d*119/(-21)?
17
Suppose 3*n = -x + 6, -3*n - 3*x + 7*x = -6. Suppose 0*i + 3*o = -n*i + 41, 0 = 3*i - 5*o - 52. What are the prime factors of i?
19
Suppose v - 3*u = -3, -3*v - v = 5*u - 5. List the prime factors of 27 - -6 - (-3 - v).
2, 3
List the prime factors of 5/(-45)*3 - (-1118)/6.
2, 3, 31
Suppose -2*u - 3 - 5 = 0, 4*m - 96 = u. List the prime factors of m.
23
Let t(i) = i**2 - 3*i - 9. What are the prime factors of t(-5)?
31
List the prime factors of 28/3*(-9)/(-6).
2, 7
Let v be 2/(3/1 - 2). Suppose v*y - 54 = -3*j + 86, -5*j + 234 = 4*y. Suppose 3*f + 4*i - j = 0, -2*f + 34 = f + i. What are the prime factors of f?
2, 5
Let i be 9/1*(13 - 12). Suppose i*p = 6*p + 72. List the prime factors of p.
2, 3
Suppose 58 = 5*f + g + 2*g, 2*f = -g + 23. What are the prime factors of f?
11
Let q = -16 - -228. What are the prime factors of q?
2, 53
Let l = 117 + -181. What are the prime factors of (30/8)/((-6)/l)?
2, 5
Let j = 126 + -39. What are the prime factors of j?
3, 29
Let u(d) = -2*d - d + 16 + 2*d + 10. List the prime factors of u(11).
3, 5
List the prime factors of 102/(-72)*-3*4.
17
Suppose 2*s = -s + 9. What are the prime factors of 4*s/(-3 + 6)?
2
Suppose -18 = -5*f + 7. Let d = f + 1. What are the prime factors of d?
2, 3
Let a = -17 - -16. What are the prime factors of 3 - 2 - 30*a?
31
Let v(t) = t**2 - 4*t - 6. Suppose -5*j + 5*l = -190, l = 4*j - 30 - 119. Suppose 5*h - j + 7 = 0. List the prime factors of v(h).
2, 3
Let h = 10 + -6. Suppose -3*f - 7 = c - 28, f - h = 0. What are the prime factors of c?
3
Suppose -2*k - 10 = 0, -4*v + 3*k + 70 + 301 = 0. What are the prime factors of v?
89
Suppose -t - 200 = -3*t. Suppose -4*j - j = -t. What are the prime factors of j?
2, 5
Let t be (50 - -1)*2/3. Suppose -q = -m + 3*m - t, -5*m + 20 = 0. Suppose -u - 5*b = -q, 4*b + 5 + 3 = 4*u. List the prime factors of u.
2, 3
Suppose 0 = -n + z - 2*z + 64, -4*n + 25